emainder when 1070927 is divided by 3784.
55
What is the remainder when 9095078 is divided by 2129?
2119
What is the remainder when 617408 is divided by 9790?
638
Calculate the remainder when 22275672 is divided by 322.
34
What is the remainder when 31013446 is divided by 15506716?
14
Calculate the remainder when 2150960 is divided by 716799.
563
Calculate the remainder when 507872 is divided by 16370.
402
Calculate the remainder when 8537897 is divided by 33351.
41
Calculate the remainder when 618855 is divided by 51556.
183
Calculate the remainder when 3636849 is divided by 90.
39
Calculate the remainder when 71096 is divided by 34780.
1536
What is the remainder when 1255606 is divided by 630?
16
Calculate the remainder when 590989 is divided by 590969.
20
Calculate the remainder when 11628422 is divided by 132.
14
What is the remainder when 20576626 is divided by 69?
67
What is the remainder when 4219668 is divided by 23?
19
Calculate the remainder when 11531753 is divided by 5765639.
475
What is the remainder when 10678361 is divided by 619?
611
What is the remainder when 86359 is divided by 503?
346
What is the remainder when 10044017 is divided by 92?
9
Calculate the remainder when 57774 is divided by 7845.
2859
What is the remainder when 59214368 is divided by 66?
26
Calculate the remainder when 10146303 is divided by 10146293.
10
Calculate the remainder when 30739 is divided by 5870.
1389
Calculate the remainder when 113007208 is divided by 56.
48
Calculate the remainder when 2985738 is divided by 597143.
23
Calculate the remainder when 49799934 is divided by 2140.
2134
What is the remainder when 2501588 is divided by 2725?
38
What is the remainder when 1406691 is divided by 122?
31
What is the remainder when 8369804 is divided by 2789779?
467
What is the remainder when 735944661 is divided by 364?
361
What is the remainder when 557036 is divided by 3104?
1420
What is the remainder when 60704993 is divided by 714?
713
Calculate the remainder when 93913801 is divided by 38.
31
Calculate the remainder when 6053075 is divided by 1513268.
3
Calculate the remainder when 2652663 is divided by 64.
55
What is the remainder when 45607 is divided by 2225?
1107
Calculate the remainder when 1051583 is divided by 210295.
108
Calculate the remainder when 87161885 is divided by 2566.
2563
What is the remainder when 623319 is divided by 3010?
249
What is the remainder when 105301 is divided by 3226?
2069
What is the remainder when 2027543 is divided by 947?
16
Calculate the remainder when 145687 is divided by 263.
248
Calculate the remainder when 339576 is divided by 1011.
891
Calculate the remainder when 790422 is divided by 52685.
147
Calculate the remainder when 73137 is divided by 8984.
1265
What is the remainder when 456702 is divided by 5309?
128
What is the remainder when 1023607 is divided by 35?
32
What is the remainder when 2995584 is divided by 2152?
0
What is the remainder when 378485 is divided by 37788?
605
Calculate the remainder when 54675 is divided by 17700.
1575
Calculate the remainder when 49276176 is divided by 4212.
4200
Calculate the remainder when 3900377 is divided by 34.
33
Calculate the remainder when 21366 is divided by 5328.
54
Calculate the remainder when 46878 is divided by 309.
219
What is the remainder when 40026127 is divided by 98?
85
What is the remainder when 138363979 is divided by 1533?
1531
Calculate the remainder when 62188199 is divided by 30.
29
What is the remainder when 493899468 is divided by 2503?
2502
What is the remainder when 4600601 is divided by 236?
17
What is the remainder when 513506 is divided by 2542?
22
Calculate the remainder when 2932017 is divided by 5759.
686
Calculate the remainder when 530223 is divided by 50.
23
What is the remainder when 3563312 is divided by 935?
27
Calculate the remainder when 688450 is divided by 114740.
10
What is the remainder when 2569617 is divided by 48481?
124
Calculate the remainder when 405545 is divided by 17631.
32
What is the remainder when 621683 is divided by 26?
23
Calculate the remainder when 47159 is divided by 6589.
1036
What is the remainder when 164495 is divided by 2947?
2410
What is the remainder when 19806203 is divided by 9903053?
97
Calculate the remainder when 51496 is divided by 8326.
1540
What is the remainder when 443658 is divided by 3327?
1167
Calculate the remainder when 14123140 is divided by 22597.
15
Calculate the remainder when 704491 is divided by 251.
185
What is the remainder when 16848990 is divided by 8424493?
4
Calculate the remainder when 2562874 is divided by 1685.
1674
What is the remainder when 5645438 is divided by 199?
7
Calculate the remainder when 159118 is divided by 4971.
46
Calculate the remainder when 78983215 is divided by 134554.
17
Calculate the remainder when 878597 is divided by 219301.
1393
Calculate the remainder when 467389 is divided by 467325.
64
What is the remainder when 47227 is divided by 22962?
1303
Calculate the remainder when 221550 is divided by 2190.
360
Calculate the remainder when 2335537 is divided by 93421.
12
What is the remainder when 256643 is divided by 128312?
19
Calculate the remainder when 2021466 is divided by 27317.
8
Calculate the remainder when 54109756 is divided by 89.
70
What is the remainder when 830485699 is divided by 9790?
9789
What is the remainder when 198626 is divided by 198562?
64
What is the remainder when 9164893 is divided by 6537?
19
What is the remainder when 29239 is divided by 163?
62
What is the remainder when 3818351 is divided by 1002?
731
Calculate the remainder when 20572779 is divided by 122.
41
What is the remainder when 5190727 is divided by 1038145?
2
Calculate the remainder when 226207464 is divided by 9.
6
Calculate the remainder when 550831 is divided by 3161.
817
What is the remainder when 2369891 is divided by 67?
34
Calculate the remainder when 5861260 is divided by 3514.
3422
What is the remainder when 108809 is divided by 10663?
2179
What is the remainder when 1564560 is divided by 1465?
1405
Calculate the remainder when 76359513 is divided by 745.
738
Calculate the remainder when 1985109 is divided by 160.
149
What is the remainder when 60458461 is divided by 361?
347
What is the remainder when 202752 is divided by 1688?
192
What is the remainder when 582980 is divided by 191407?
8759
What is the remainder when 22540 is divided by 4191?
1585
Calculate the remainder when 196288 is divided by 49054.
72
What is the remainder when 33780631 is divided by 17?
16
Calculate the remainder when 14195 is divided by 62.
59
Calculate the remainder when 3121103 is divided by 1521.
11
What is the remainder when 14276283 is divided by 5?
3
Calculate the remainder when 357767 is divided by 177393.
2981
What is the remainder when 689744 is divided by 2209?
536
Calculate the remainder when 889792 is divided by 37008.
1600
What is the remainder when 150949 is divided by 52?
45
What is the remainder when 123097 is divided by 61242?
613
What is the remainder when 690301 is divided by 390?
1
Calculate the remainder when 103616397 is divided by 11850.
11847
Calculate the remainder when 452477 is divided by 5876.
25
What is the remainder when 5200985 is divided by 1020?
5
What is the remainder when 52413 is divided by 5191?
503
What is the remainder when 57703990 is divided by 19234659?
13
Calculate the remainder when 224471110 is divided by 10645.
10640
Calculate the remainder when 1086479 is divided by 543235.
9
Calculate the remainder when 46964054 is divided by 65.
59
Calculate the remainder when 112851 is divided by 112843.
8
What is the remainder when 73141535 is divided by 26225?
10
Calculate the remainder when 8629393 is divided by 8629367.
26
What is the remainder when 10947331 is divided by 36613?
44
What is the remainder when 1374880 is divided by 687423?
34
Calculate the remainder when 61284 is divided by 2363.
2209
What is the remainder when 20529067 is divided by 2471?
2470
What is the remainder when 36627227 is divided by 44?
43
Calculate the remainder when 15280367 is divided by 23.
18
Calculate the remainder when 61751602 is divided by 1118.
1108
Calculate the remainder when 2074841 is divided by 21.
20
What is the remainder when 274274 is divided 